{"id":62,"date":"2024-04-28T21:45:50","date_gmt":"2024-04-28T19:45:50","guid":{"rendered":"https:\/\/new.volejbalhlucin.cz\/?page_id=62"},"modified":"2024-05-04T13:01:26","modified_gmt":"2024-05-04T11:01:26","slug":"mladez","status":"publish","type":"page","link":"https:\/\/volejbalhlucin.cz\/?page_id=62","title":{"rendered":"Ml\u00e1de\u017e"},"content":{"rendered":"\n<p class=\"has-primary-color has-text-color has-link-color has-superbfont-medium-font-size wp-elements-9d59153a7d8da65214ab40b5c2224e62\" style=\"margin-top:0;margin-bottom:var(--wp--preset--spacing--superbspacing-xsmall);font-style:normal;font-weight:600\">U22M &#8211; Junio\u0159i<\/p>\n\n\n\n<figure class=\"wp-block-table is-style-regular has-superbfont-xsmall-font-size\"><table class=\"has-fixed-layout\"><tbody><tr><td><strong>P\u0158\u00cdJMEN\u00cd A JM\u00c9NO<\/strong><\/td><td><strong>ROK&nbsp;NAROZEN\u00cd<\/strong><\/td><\/tr><tr><td><a href=\"https:\/\/www.cvf.cz\/souteze\/historie\/?hrac=I_ZNMUgQVebQ6E9lQXts1gd8qwf4DQgl\">Do\u010dekal Franti\u0161ek<\/a><\/td><td>2003<\/td><\/tr><tr><td><a href=\"https:\/\/www.cvf.cz\/souteze\/historie\/?hrac=wevX6aLpqkY5OAGkFyYVt3R068wJ7ksY\">Gola Tom\u00e1\u0161<\/a><\/td><td>2006<\/td><\/tr><tr><td><a href=\"https:\/\/www.cvf.cz\/souteze\/historie\/?hrac=a921c7551ba3f0d52d01c48b0e69518b\">Harazim Petr<\/a><\/td><td>2008<\/td><\/tr><tr><td><a href=\"https:\/\/www.cvf.cz\/souteze\/historie\/?hrac=GAVoehEL_OAmvPVAwe0NQOhiRzYhyhmD\">Janda Filip<\/a><\/td><td>2007<\/td><\/tr><tr><td><a href=\"https:\/\/www.cvf.cz\/souteze\/historie\/?hrac=qSA_O3FA8yKmC4SRbKfWa0Yia1ZdLKpi\">Jan\u00edk Franti\u0161ek<\/a><\/td><td>2005<\/td><\/tr><tr><td><a href=\"https:\/\/www.cvf.cz\/souteze\/historie\/?hrac=rHM0txxPaq13y8x8kqwodq87_hS1W89Y\">Jan\u00edk Vojt\u011bch<\/a><\/td><td>2009<\/td><\/tr><tr><td><a href=\"https:\/\/www.cvf.cz\/souteze\/historie\/?hrac=idmess_IF00Who3qYgl9i0qownAJLA6C\">Kajzar Vlastimil<\/a><\/td><td>2006<\/td><\/tr><tr><td><a href=\"https:\/\/www.cvf.cz\/souteze\/historie\/?hrac=Ny0lk7xsFdfv-bhYKe6fDWaQP0N9w64N\">Kl\u00f6sel Samuel<\/a><\/td><td>2005<\/td><\/tr><tr><td><a href=\"https:\/\/www.cvf.cz\/souteze\/historie\/?hrac=WCFpg_QM2PvQLMvnujs0TtxI9X4-h2Vo\">Krakovka Robin<\/a><\/td><td>2003<\/td><\/tr><tr><td><a href=\"https:\/\/www.cvf.cz\/souteze\/historie\/?hrac=0FWwcAE7UvTd9J6a6No_rzcr7wnzZjpv\">Nov\u00e1k Vojt\u011bch<\/a><\/td><td>2008<\/td><\/tr><tr><td><a href=\"https:\/\/www.cvf.cz\/souteze\/historie\/?hrac=0nmjdO4IqfousPFub457WTTb5TCGdMZn\">Piskalla Daniel<\/a><\/td><td>2004<\/td><\/tr><tr><td><a href=\"https:\/\/www.cvf.cz\/souteze\/historie\/?hrac=iAEKW94ZY0gXYaS99I5-inyIM4bNhFGG\">Pla\u010dek Tom\u00e1\u0161<\/a><\/td><td>2006<\/td><\/tr><tr><td><a href=\"https:\/\/www.cvf.cz\/souteze\/historie\/?hrac=ehtWH1N8X_RVIrp7p-OeQFn-eJ-Cgap4\">Porwol Franti\u0161ek<\/a><\/td><td>2004<\/td><\/tr><tr><td><a href=\"https:\/\/www.cvf.cz\/souteze\/historie\/?hrac=c18d1b49ee4f911346eb582c18426c3d\">Vl\u010dek Radim<\/a><\/td><td>2005<\/td><\/tr><tr><td><a href=\"https:\/\/www.cvf.cz\/souteze\/historie\/?hrac=gryRGe4CUT7APd967vtrNbYIheKAb355\">Vok\u0159\u00ednek Bo\u0159ivoj<\/a><\/td><td>2008<\/td><\/tr><\/tbody><\/table><figcaption class=\"wp-element-caption\">Soupiska Junio\u0159i U22 &#8211; 2023\/24<\/figcaption><\/figure>\n\n\n\n<p class=\"has-primary-color has-text-color has-link-color has-superbfont-medium-font-size wp-elements-a737f9ee045480edf680455b1e795f6c\" style=\"padding-bottom:var(--wp--preset--spacing--superbspacing-xsmall);font-style:normal;font-weight:600\">U20Z &#8211; Juniorky A<\/p>\n\n\n\n<figure class=\"wp-block-table has-superbfont-xsmall-font-size\"><table class=\"has-fixed-layout\"><tbody><tr><td><strong>P\u0158\u00cdJMEN\u00cd A JM\u00c9NO<\/strong><\/td><td><strong>ROK&nbsp;NAROZEN\u00cd<\/strong><\/td><\/tr><tr><td><a href=\"https:\/\/www.cvf.cz\/souteze\/historie\/?hrac=SX4d2JxpgmsgjNdq0CWQfZ0Y6Fzhyz-n\">Chytilov\u00e1 Johanka<\/a><\/td><td>2006<\/td><\/tr><tr><td><a href=\"https:\/\/www.cvf.cz\/souteze\/historie\/?hrac=QWVD6OMdmSfr84pKQQz2d2gjgdU06lcs\">Hamplov\u00e1 Nela<\/a><\/td><td>2006<\/td><\/tr><tr><td><a href=\"https:\/\/www.cvf.cz\/souteze\/historie\/?hrac=tleKR-pi1WVksyI_rdL7AOt26JqzXbeT\">Hlisnikovsk\u00e1 Roz\u00e1lie<\/a><\/td><td>2006<\/td><\/tr><tr><td><a href=\"https:\/\/www.cvf.cz\/souteze\/historie\/?hrac=4a5f85cc0acd466d241583e0f51cfa3f\">Jaro\u0161ov\u00e1 Kate\u0159ina<\/a><\/td><td>2005<\/td><\/tr><tr><td><a href=\"https:\/\/www.cvf.cz\/souteze\/historie\/?hrac=NpkdWjIx8f72UT8U1bmT06m20Ue68IAw\">Jiravov\u00e1 Kate\u0159ina<\/a><\/td><td>2006<\/td><\/tr><tr><td><a href=\"https:\/\/www.cvf.cz\/souteze\/historie\/?hrac=565f092ce51b1b3450ff9cd36f2d3b9e\">Kaderliakov\u00e1 Am\u00e1lie<\/a><\/td><td>2008<\/td><\/tr><tr><td><a href=\"https:\/\/www.cvf.cz\/souteze\/historie\/?hrac=R5qmEiN8DfT19TZrqtjn9_ulrgo_yHmD\">Kastowsk\u00e1 Kate\u0159ina<\/a><\/td><td>2006<\/td><\/tr><tr><td><a href=\"https:\/\/www.cvf.cz\/souteze\/historie\/?hrac=hoWj6zI0Yr6v0JJ8Q8wIv4eKCPTKXI_f\">Krupov\u00e1 Nikol<\/a><\/td><td>2009<\/td><\/tr><tr><td><a href=\"https:\/\/www.cvf.cz\/souteze\/historie\/?hrac=WiIGjC9O01Da1fmJxy6v3tef-zKFDn6h\">Lehnertov\u00e1 Ad\u00e9la<\/a><\/td><td>2005<\/td><\/tr><tr><td><a href=\"https:\/\/www.cvf.cz\/souteze\/historie\/?hrac=zewk-2Y-vuMnxQm2w5TAVLEtGmuN9TJj\">Lompov\u00e1 Barbora<\/a><\/td><td>2006<\/td><\/tr><tr><td><a href=\"https:\/\/www.cvf.cz\/souteze\/historie\/?hrac=2G1cmvbtywhQ20zn9coW3Q2hKErN1OEO\">Markovsk\u00e1 Nela<\/a><\/td><td>2009<\/td><\/tr><tr><td><a href=\"https:\/\/www.cvf.cz\/souteze\/historie\/?hrac=oOHg6L57VCPjhSNPKmmQhww2BjQ-AvXG\">Mr\u00e1zkov\u00e1 Laura<\/a><\/td><td>2009<\/td><\/tr><tr><td><a href=\"https:\/\/www.cvf.cz\/souteze\/historie\/?hrac=rTXF9O16xdrb2aJj6VyXaWtYWkwY18fH\">Murckov\u00e1 Krist\u00fdna<\/a><\/td><td>2005<\/td><\/tr><tr><td><a href=\"https:\/\/www.cvf.cz\/souteze\/historie\/?hrac=9oDECsRY2XnlPXuh48Yy_-SqgF4LG2Np\">Pch\u00e1lkov\u00e1 Kl\u00e1ra<\/a><\/td><td>2006<\/td><\/tr><tr><td><a href=\"https:\/\/www.cvf.cz\/souteze\/historie\/?hrac=Y76isAJQQWJgikBhLSMh51IC-U0NFm5Z\">Po\u0161tulkov\u00e1 Kate\u0159ina<\/a><\/td><td>2009<\/td><\/tr><tr><td><a href=\"https:\/\/www.cvf.cz\/souteze\/historie\/?hrac=roU2X1MtWxFquL-VJcKFH-ObjN_l-6Wu\">Samkov\u00e1 Lea<\/a><\/td><td>2009<\/td><\/tr><tr><td><a href=\"https:\/\/www.cvf.cz\/souteze\/historie\/?hrac=m7LlSaKN5W0wKpLf9QJkrWy7VKcoQIGN\">Schullov\u00e1 Karol\u00edna<\/a><\/td><td>2006<\/td><\/tr><tr><td><a href=\"https:\/\/www.cvf.cz\/souteze\/historie\/?hrac=HvEBTadAlQJ1dSywSLSLjKF1HQ0Cljvn\">Zbo\u0159ilov\u00e1 Karol\u00edna<\/a><\/td><td>2009<\/td><\/tr><\/tbody><\/table><figcaption class=\"wp-element-caption\">Soupiska Juniorky U20 A &#8211; 2023\/24<\/figcaption><\/figure>\n\n\n\n<p class=\"has-primary-color has-text-color has-link-color wp-elements-97af4d30a6ee332268d1accd20cbd513\" style=\"padding-bottom:var(--wp--preset--spacing--superbspacing-xsmall);font-style:normal;font-weight:600\">U20Z &#8211; Juniorky B<\/p>\n\n\n\n<figure class=\"wp-block-table has-superbfont-xsmall-font-size\"><table class=\"has-fixed-layout\"><tbody><tr><td><strong>P\u0158\u00cdJMEN\u00cd A JM\u00c9NO<\/strong><\/td><td><strong>ROK&nbsp;NAROZEN\u00cd<\/strong><\/td><\/tr><tr><td><a href=\"https:\/\/www.cvf.cz\/souteze\/historie\/?hrac=51vv_0Vc6yyiKg32KLYCNzK2By04p57v\">Albrechtov\u00e1 Ad\u00e9la<\/a><\/td><td>2007<\/td><\/tr><tr><td><a href=\"https:\/\/www.cvf.cz\/souteze\/historie\/?hrac=QDU1OnYyh_3Crbxdg9z6Gd-bQYeQD8Um\">Bla\u017ekov\u00e1 Lucie<\/a><\/td><td>2007<\/td><\/tr><tr><td><a href=\"https:\/\/www.cvf.cz\/souteze\/historie\/?hrac=q6DRtc4jQw3XgyZwIMDhih-l4EQVLwer\">Dinter Gr\u00e9ta<\/a><\/td><td>2007<\/td><\/tr><tr><td><a href=\"https:\/\/www.cvf.cz\/souteze\/historie\/?hrac=C2HaIbmru4gwxujVUDSIrytKWGl4sTNf\">Drobil\u00edkov\u00e1 Hana<\/a><\/td><td>2006<\/td><\/tr><tr><td><a href=\"https:\/\/www.cvf.cz\/souteze\/historie\/?hrac=nQ3OnIabHf6vLH8M7IlXM2acuuojZ1RE\">Haburov\u00e1 Valerie<\/a><\/td><td>2008<\/td><\/tr><tr><td><a href=\"https:\/\/www.cvf.cz\/souteze\/historie\/?hrac=jY2J-54RgopkVDlBg6WTCuW94is9_Mmo\">Hanske Anna Viktorie<\/a><\/td><td>2008<\/td><\/tr><tr><td><a href=\"https:\/\/www.cvf.cz\/souteze\/historie\/?hrac=e1df2d0dce3231ea9d34a60e13eba265\">Jand\u00e1tov\u00e1 Sarah<\/a><\/td><td>2005<\/td><\/tr><tr><td><a href=\"https:\/\/www.cvf.cz\/souteze\/historie\/?hrac=SleZQ52_1iGv9JgAeTd1t_qgoRKOTQb8\">Kucha\u0159ov\u00e1 Al\u017eb\u011bta<\/a><\/td><td>2008<\/td><\/tr><tr><td><a href=\"https:\/\/www.cvf.cz\/souteze\/historie\/?hrac=j5H6msLxqscREjK5IV9ckZ00syYFlmtN\">Papeschov\u00e1 Tereza<\/a><\/td><td>2006<\/td><\/tr><tr><td><a href=\"https:\/\/www.cvf.cz\/souteze\/historie\/?hrac=kXTuGtIXbZEQQkzTWJ8Wfny0ga8fKZAN\">Pinkov\u00e1 Nikol<\/a><\/td><td>2007<\/td><\/tr><tr><td><a href=\"https:\/\/www.cvf.cz\/souteze\/historie\/?hrac=sVRT4y-tXQs1km9fDv7BvfBhLfemBo-7\">Po\u0161tulkov\u00e1 Lucie<\/a><\/td><td>2006<\/td><\/tr><tr><td><a href=\"https:\/\/www.cvf.cz\/souteze\/historie\/?hrac=LuW0ZLT-USEhAzT8DUE8WTQ8Go07N1qb\">Soused\u00edkov\u00e1 Linda<\/a><\/td><td>2006<\/td><\/tr><tr><td><a href=\"https:\/\/www.cvf.cz\/souteze\/historie\/?hrac=VfMO529x5d73JNKBKXL8wmHah0Itl44r\">Soused\u00edkov\u00e1 Lucie<\/a><\/td><td>2006<\/td><\/tr><tr><td><a href=\"https:\/\/www.cvf.cz\/souteze\/historie\/?hrac=-HgXYefgmPAXi9_7EvHwlUGeJYLjVR7A\">Szturzov\u00e1 Aneta<\/a><\/td><td>2005<\/td><\/tr><tr><td><a href=\"https:\/\/www.cvf.cz\/souteze\/historie\/?hrac=nqvU7XJvDbTsNkLXZ92YqLdhrCC8WodJ\">Tr\u00e1vn\u00edkov\u00e1 Adriana<\/a><\/td><td>2006<\/td><\/tr><tr><td><a href=\"https:\/\/www.cvf.cz\/souteze\/historie\/?hrac=vzPxHHbAqQAwOoMcFeh0-0VnGCxXutud\">Ure Matylda<\/a><\/td><td>2007<\/td><\/tr><tr><td><a href=\"https:\/\/www.cvf.cz\/souteze\/historie\/?hrac=kdjQEivTHuUaRt3vvDohn_BKZJ0zrwOg\">Wognerov\u00e1 Eli\u0161ka<\/a><\/td><td>2008<\/td><\/tr><tr><td><a href=\"https:\/\/www.cvf.cz\/souteze\/historie\/?hrac=13eVDXUXVTFQ8HG9eXw9gl-T77dbSRjQ\">\u0160tefkov\u00e1 Barbora<\/a><\/td><td>2008<\/td><\/tr><\/tbody><\/table><figcaption class=\"wp-element-caption\">Soupiska Juniorky U20 B &#8211; 2023\/24<\/figcaption><\/figure>\n\n\n\n<figure class=\"wp-block-table has-superbfont-xsmall-font-size\"><table class=\"has-fixed-layout\"><tbody><tr><td><strong>P\u0158\u00cdJMEN\u00cd A JM\u00c9NO<\/strong><\/td><td><strong>ROK&nbsp;NAROZEN\u00cd<\/strong><\/td><\/tr><tr><td><a href=\"https:\/\/www.cvf.cz\/souteze\/historie\/?hrac=fBMFWnXA5St3nZERK5viMEQclbnJs18T\">Baturn\u00e1 Anna<\/a><\/td><td>2010<\/td><\/tr><tr><td><a href=\"https:\/\/www.cvf.cz\/souteze\/historie\/?hrac=YC4IBfoTDdqFC_vDDz5cH5fXvIbRg1rz\">Bedna\u0159\u00edkov\u00e1 Ema<\/a><\/td><td>2010<\/td><\/tr><tr><td><a href=\"https:\/\/www.cvf.cz\/souteze\/historie\/?hrac=e18224e8ba47b20406c1add9990bbd16\">Buchtov\u00e1 Lucie<\/a><\/td><td>2009<\/td><\/tr><tr><td><a href=\"https:\/\/www.cvf.cz\/souteze\/historie\/?hrac=9PegFshQeRTb-RpuyOJjeRIhDxv9shf1\">Burkovi\u010dov\u00e1 Sofie<\/a><\/td><td>2010<\/td><\/tr><tr><td><a href=\"https:\/\/www.cvf.cz\/souteze\/historie\/?hrac=5a3uFaaXGdmSsfcdYjt2zsZA3AGTdVV1\">Dziehlov\u00e1 Hana<\/a><\/td><td>2010<\/td><\/tr><tr><td><a href=\"https:\/\/www.cvf.cz\/souteze\/historie\/?hrac=Qn7A7Y9M609ACok4Xe2D1nRylbNQUD3p\">Dziehlov\u00e1 Petra<\/a><\/td><td>2010<\/td><\/tr><tr><td><a href=\"https:\/\/www.cvf.cz\/souteze\/historie\/?hrac=w8gV-VXrkGQkS-0JaCSjn_JyDmfbaTia\">Havl\u00ed\u010dkov\u00e1 Ema<\/a><\/td><td>2010<\/td><\/tr><tr><td><a href=\"https:\/\/www.cvf.cz\/souteze\/historie\/?hrac=z__J3xeM6rlUpUJHFYSc-Ozv3CPia5I-\">Kar\u010dma\u0159ov\u00e1 Anna<\/a><\/td><td>2010<\/td><\/tr><tr><td><a href=\"https:\/\/www.cvf.cz\/souteze\/historie\/?hrac=hoWj6zI0Yr6v0JJ8Q8wIv4eKCPTKXI_f\">Krupov\u00e1 Nikol<\/a><\/td><td>2009<\/td><\/tr><tr><td><a href=\"https:\/\/www.cvf.cz\/souteze\/historie\/?hrac=rO59yh3GFYipKI_2nGkr12tCc9JeGWxH\">Kupkov\u00e1 Zuzana<\/a><\/td><td>2011<\/td><\/tr><tr><td><a href=\"https:\/\/www.cvf.cz\/souteze\/historie\/?hrac=jDh_ATC4Y6TXY3oTcH_isIsO3QE-qxfH\">M\u00fcckov\u00e1 Caroline<\/a><\/td><td>2009<\/td><\/tr><tr><td><a href=\"https:\/\/www.cvf.cz\/souteze\/historie\/?hrac=JYlH1hcA8-uVaP9eKwzCB6DG0yWPivj_\">Pormannov\u00e1 Nikol<\/a><\/td><td>2010<\/td><\/tr><tr><td><a href=\"https:\/\/www.cvf.cz\/souteze\/historie\/?hrac=Y76isAJQQWJgikBhLSMh51IC-U0NFm5Z\">Po\u0161tulkov\u00e1 Kate\u0159ina<\/a><\/td><td>2009<\/td><\/tr><tr><td><a href=\"https:\/\/www.cvf.cz\/souteze\/historie\/?hrac=roU2X1MtWxFquL-VJcKFH-ObjN_l-6Wu\">Samkov\u00e1 Lea<\/a><\/td><td>2009<\/td><\/tr><tr><td><a href=\"https:\/\/www.cvf.cz\/souteze\/historie\/?hrac=qedIfwRD7d2VrTZUrrlD8LycYrPOHmsf\">Wognerov\u00e1 Veronika<\/a><\/td><td>2012<\/td><\/tr><tr><td><a href=\"https:\/\/www.cvf.cz\/souteze\/historie\/?hrac=97a7693ba5dabb8ee510f98bc761b729\">Zoubkov\u00e1 Eli\u0161ka<\/a><\/td><td>2011<\/td><\/tr><\/tbody><\/table><figcaption class=\"wp-element-caption\">Soupiska \u017da\u010dky U16Z A &#8211; 2023\/24<\/figcaption><\/figure>\n\n\n\n<figure class=\"wp-block-table has-superbfont-xsmall-font-size\"><table class=\"has-fixed-layout\"><tbody><tr><td><strong>P\u0158\u00cdJMEN\u00cd A JM\u00c9NO<\/strong><\/td><td><strong>ROK&nbsp;NAROZEN\u00cd<\/strong><\/td><\/tr><tr><td><a href=\"https:\/\/www.cvf.cz\/souteze\/historie\/?hrac=PyT8XJVxmxdneFLyNsJix6aFmb7NHKub\">Baro\u0161ov\u00e1 Ad\u00e9la<\/a><\/td><td>2009<\/td><\/tr><tr><td><a href=\"https:\/\/www.cvf.cz\/souteze\/historie\/?hrac=0_oKKlJA9tqhYmXIdkP3td0w4HPLPAt5\">Baturn\u00e1 Al\u017eb\u011bta<\/a><\/td><td>2011<\/td><\/tr><tr><td><a href=\"https:\/\/www.cvf.cz\/souteze\/historie\/?hrac=oEM3c5r4-ZAyQq6EDBfPihAexdQwTwSo\">Chmielov\u00e1 Sofia<\/a><\/td><td>2010<\/td><\/tr><tr><td><a href=\"https:\/\/www.cvf.cz\/souteze\/historie\/?hrac=qG9bDtRP6zyYVr85iMtzDXintNfVbhJB\">Dudkov\u00e1 Ema<\/a><\/td><td>2009<\/td><\/tr><tr><td><a href=\"https:\/\/www.cvf.cz\/souteze\/historie\/?hrac=oD9lH0W0kIdAw8m0eFOCMyOMSBNYBVXz\">F\u00fcssy Vivienne Noemi<\/a><\/td><td>2010<\/td><\/tr><tr><td><a href=\"https:\/\/www.cvf.cz\/souteze\/historie\/?hrac=AYZqb8jTNV_tDmGeJd_OnmOH4S4apr_J\">Gavelkov\u00e1 Veronika<\/a><\/td><td>2011<\/td><\/tr><tr><td><a href=\"https:\/\/www.cvf.cz\/souteze\/historie\/?hrac=mUyjjuUGCK5XfKE2S0u8IprSymH_kLxi\">Harasimov\u00e1 Nat\u00e1lie<\/a><\/td><td>2009<\/td><\/tr><tr><td><a href=\"https:\/\/www.cvf.cz\/souteze\/historie\/?hrac=KglJZj90nr8eMDw7C5qOV1Z2z5EXGW7I\">Haraz\u00edmov\u00e1 Ella<\/a><\/td><td>2010<\/td><\/tr><tr><td><a href=\"https:\/\/www.cvf.cz\/souteze\/historie\/?hrac=IBjKCWf_HfS7SieZdBT2Q-h2YP6h7cC0\">Holasov\u00e1 Hana<\/a><\/td><td>2010<\/td><\/tr><tr><td><a href=\"https:\/\/www.cvf.cz\/souteze\/historie\/?hrac=yZf8x8oGFF4KI80pSLSvsuhbYou8mWSt\">Li\u0161kov\u00e1 Ema Johanka<\/a><\/td><td>2012<\/td><\/tr><tr><td><a href=\"https:\/\/www.cvf.cz\/souteze\/historie\/?hrac=i7deLkb0C6I5hrAlRvNqdrTA-vcjL42D\">Lokajov\u00e1 Kate\u0159ina<\/a><\/td><td>2009<\/td><\/tr><tr><td><a href=\"https:\/\/www.cvf.cz\/souteze\/historie\/?hrac=2G1cmvbtywhQ20zn9coW3Q2hKErN1OEO\">Markovsk\u00e1 Nela<\/a><\/td><td>2009<\/td><\/tr><tr><td><a href=\"https:\/\/www.cvf.cz\/souteze\/historie\/?hrac=ie5ce2_FsReQd2uASKBZOCJ6lL2apsFJ\">Matlochov\u00e1 Elen<\/a><\/td><td>2011<\/td><\/tr><tr><td><a href=\"https:\/\/www.cvf.cz\/souteze\/historie\/?hrac=oOHg6L57VCPjhSNPKmmQhww2BjQ-AvXG\">Mr\u00e1zkov\u00e1 Laura<\/a><\/td><td>2009<\/td><\/tr><tr><td><a href=\"https:\/\/www.cvf.cz\/souteze\/historie\/?hrac=vjg6uMiicVFl8st5F6YCdF_hCqoj_ycF\">M\u00fcllerov\u00e1 Eva<\/a><\/td><td>2011<\/td><\/tr><tr><td><a href=\"https:\/\/www.cvf.cz\/souteze\/historie\/?hrac=jNyjO6a9KH_g-BO4BUkm73L96WyS9QLw\">Novotn\u00e1 Viktorie<\/a><\/td><td>2010<\/td><\/tr><tr><td><a href=\"https:\/\/www.cvf.cz\/souteze\/historie\/?hrac=7Yb2hxINxKHc7bNz-Ujrq6oKqbbdVtIk\">Saparov\u00e1 Kl\u00e1ra<\/a><\/td><td>2009<\/td><\/tr><tr><td><a href=\"https:\/\/www.cvf.cz\/souteze\/historie\/?hrac=mWakVOf-XAjsKZ00eEISI8xYePgtgPjb\">Skibov\u00e1 Nicol<\/a><\/td><td>2011<\/td><\/tr><tr><td><a href=\"https:\/\/www.cvf.cz\/souteze\/historie\/?hrac=i-b7lhIWPOIv3G9LyC8pgQ-Ur-k60RKg\">Tesa\u0159\u00edkov\u00e1 Tereza<\/a><\/td><td>2010<\/td><\/tr><tr><td><a href=\"https:\/\/www.cvf.cz\/souteze\/historie\/?hrac=HvEBTadAlQJ1dSywSLSLjKF1HQ0Cljvn\">Zbo\u0159ilov\u00e1 Karol\u00edna<\/a><\/td><td>2009<\/td><\/tr><tr><td><a href=\"https:\/\/www.cvf.cz\/souteze\/historie\/?hrac=0qHreabL_74eN0B8sZn08YWWbwSztAxt\">\u010cerven\u00e1 Vendula<\/a><\/td><td>2011<\/td><\/tr><tr><td><a href=\"https:\/\/www.cvf.cz\/souteze\/historie\/?hrac=2U9zrD_kf5oWy6B31kXOswC-k8Io9Nnv\">\u0160ruba\u0159ov\u00e1 Ag\u00e1ta<\/a><\/td><td>2010<\/td><\/tr><\/tbody><\/table><figcaption class=\"wp-element-caption\">Soupiska \u017da\u010dky U16Z B &#8211; 2023\/24<\/figcaption><\/figure>\n","protected":false},"excerpt":{"rendered":"<p>U22M &#8211; Junio\u0159i P\u0158\u00cdJMEN\u00cd A JM\u00c9NO ROK&nbsp;NAROZEN\u00cd Do\u010dekal Franti\u0161ek 2003 Gola Tom\u00e1\u0161 2006 Harazim Petr 2008 Janda Filip 2007 Jan\u00edk Franti\u0161ek 2005 Jan\u00edk Vojt\u011bch 2009 Kajzar Vlastimil 2006 Kl\u00f6sel Samuel 2005 Krakovka Robin 2003 Nov\u00e1k Vojt\u011bch 2008 Piskalla Daniel 2004 Pla\u010dek Tom\u00e1\u0161 2006 Porwol Franti\u0161ek 2004 Vl\u010dek Radim 2005 Vok\u0159\u00ednek Bo\u0159ivoj 2008 Soupiska Junio\u0159i U22 [&hellip;]<\/p>\n","protected":false},"author":1,"featured_media":115,"parent":0,"menu_order":0,"comment_status":"closed","ping_status":"closed","template":"","meta":{"footnotes":""},"class_list":["post-62","page","type-page","status-publish","has-post-thumbnail","hentry"],"_links":{"self":[{"href":"https:\/\/volejbalhlucin.cz\/index.php?rest_route=\/wp\/v2\/pages\/62","targetHints":{"allow":["GET"]}}],"collection":[{"href":"https:\/\/volejbalhlucin.cz\/index.php?rest_route=\/wp\/v2\/pages"}],"about":[{"href":"https:\/\/volejbalhlucin.cz\/index.php?rest_route=\/wp\/v2\/types\/page"}],"author":[{"embeddable":true,"href":"https:\/\/volejbalhlucin.cz\/index.php?rest_route=\/wp\/v2\/users\/1"}],"replies":[{"embeddable":true,"href":"https:\/\/volejbalhlucin.cz\/index.php?rest_route=%2Fwp%2Fv2%2Fcomments&post=62"}],"version-history":[{"count":6,"href":"https:\/\/volejbalhlucin.cz\/index.php?rest_route=\/wp\/v2\/pages\/62\/revisions"}],"predecessor-version":[{"id":215,"href":"https:\/\/volejbalhlucin.cz\/index.php?rest_route=\/wp\/v2\/pages\/62\/revisions\/215"}],"wp:featuredmedia":[{"embeddable":true,"href":"https:\/\/volejbalhlucin.cz\/index.php?rest_route=\/wp\/v2\/media\/115"}],"wp:attachment":[{"href":"https:\/\/volejbalhlucin.cz\/index.php?rest_route=%2Fwp%2Fv2%2Fmedia&parent=62"}],"curies":[{"name":"wp","href":"https:\/\/api.w.org\/{rel}","templated":true}]}}