{"id":61,"date":"2024-04-28T21:45:50","date_gmt":"2024-04-28T19:45:50","guid":{"rendered":"https:\/\/new.volejbalhlucin.cz\/?page_id=61"},"modified":"2024-08-21T18:45:03","modified_gmt":"2024-08-21T16:45:03","slug":"dospeli","status":"publish","type":"page","link":"https:\/\/volejbalhlucin.cz\/?page_id=61","title":{"rendered":"Dosp\u011bl\u00ed"},"content":{"rendered":"\n<p class=\"has-primary-color has-text-color has-link-color has-superbfont-large-font-size wp-elements-082749ea21525456594305822dcc889c\" style=\"padding-bottom:var(--wp--preset--spacing--superbspacing-xsmall);font-style:normal;font-weight:600\">Mu\u017ei<\/p>\n\n\n\n<figure class=\"wp-block-table has-superbfont-xsmall-font-size\"><table class=\"has-fixed-layout\"><tbody><tr><td><strong>P\u0158\u00cdJMEN\u00cd A JM\u00c9NO<\/strong><\/td><td><strong>ROK&nbsp;NAROZEN\u00cd<\/strong><\/td><\/tr><tr><td><a href=\"https:\/\/www.cvf.cz\/souteze\/historie\/?hrac=qNvPhbrLknaqnKRgdwsH-GgXjGRCcYGY\">Baturn\u00fd Hynek<\/a><\/td><td>2002<\/td><\/tr><tr><td><a href=\"https:\/\/www.cvf.cz\/souteze\/historie\/?hrac=ouXOQdkv1jcxZeNGQsL0LXwfBWqK5f_p\">B\u00e1lek Mat\u011bj<\/a><\/td><td>1994<\/td><\/tr><tr><td><a href=\"https:\/\/www.cvf.cz\/souteze\/historie\/?hrac=c3mn11gMQCmcS0T7k0R9RymzlcyWzL5g\">Cig\u00e1n Jan<\/a><\/td><td>2002<\/td><\/tr><tr><td><a href=\"https:\/\/www.cvf.cz\/souteze\/historie\/?hrac=d03bf0285ed736e136fee7969fa9aabc\">Dihel V\u00e1clav<\/a><\/td><td>1990<\/td><\/tr><tr><td><a href=\"https:\/\/www.cvf.cz\/souteze\/historie\/?hrac=I_ZNMUgQVebQ6E9lQXts1gd8qwf4DQgl\">Do\u010dekal Franti\u0161ek<\/a><\/td><td>2003<\/td><\/tr><tr><td><a href=\"https:\/\/www.cvf.cz\/souteze\/historie\/?hrac=779f507b5b28cf56e3b72e291f423ea4\">D\u011bdoch Luk\u00e1\u0161<\/a><\/td><td>1981<\/td><\/tr><tr><td><a href=\"https:\/\/www.cvf.cz\/souteze\/historie\/?hrac=NpCpk4jHEew_cYQtP1bVa-yblzaGyIrq\">Groh Martin<\/a><\/td><td>1998<\/td><\/tr><tr><td><a href=\"https:\/\/www.cvf.cz\/souteze\/historie\/?hrac=140eed74a2b8b8df8af27a1348ca5a27\">Kar\u010dm\u00e1\u0159 David<\/a><\/td><td>1981<\/td><\/tr><tr><td><a href=\"https:\/\/www.cvf.cz\/souteze\/historie\/?hrac=520a520ea5d39e842917baaf7361754f\">Machura Miroslav<\/a><\/td><td>1994<\/td><\/tr><tr><td><a href=\"https:\/\/www.cvf.cz\/souteze\/historie\/?hrac=ab04eddfc4c79fe9261463c9b58a683d\">Ost\u00e1rek \u0160t\u011bp\u00e1n<\/a><\/td><td>1997<\/td><\/tr><tr><td><a href=\"https:\/\/www.cvf.cz\/souteze\/historie\/?hrac=0nmjdO4IqfousPFub457WTTb5TCGdMZn\">Piskalla Daniel<\/a><\/td><td>2004<\/td><\/tr><tr><td><a href=\"https:\/\/www.cvf.cz\/souteze\/historie\/?hrac=ehtWH1N8X_RVIrp7p-OeQFn-eJ-Cgap4\">Porwol Franti\u0161ek<\/a><\/td><td>2004<\/td><\/tr><tr><td><a href=\"https:\/\/www.cvf.cz\/souteze\/historie\/?hrac=80a9e03f21ef44fbe21932be94328e6d\">Skot\u00e1k Martin<\/a><\/td><td>1978<\/td><\/tr><tr><td><a href=\"https:\/\/www.cvf.cz\/souteze\/historie\/?hrac=c18d1b49ee4f911346eb582c18426c3d\">Vl\u010dek Radim<\/a><\/td><td>2005<\/td><\/tr><tr><td><a href=\"https:\/\/www.cvf.cz\/souteze\/historie\/?hrac=11fad61754a90cd2333c6a1e8ead34fb\">Zelina Milan<\/a><\/td><td>1964<\/td><\/tr><\/tbody><\/table><figcaption class=\"wp-element-caption\">Soupiska Mu\u017ei &#8211; 2023\/24<\/figcaption><\/figure>\n\n\n\n<p class=\"has-primary-color has-text-color has-link-color has-superbfont-large-font-size wp-elements-2b3c3942f2259daa6202d4ffbe4fe0b0\" style=\"padding-bottom:var(--wp--preset--spacing--superbspacing-xsmall);font-style:normal;font-weight:600\">\u017deny<\/p>\n\n\n\n<figure class=\"wp-block-table has-superbfont-xsmall-font-size\"><table class=\"has-fixed-layout\"><tbody><tr><td><strong>P\u0158\u00cdJMEN\u00cd A JM\u00c9NO<\/strong><\/td><td><strong>ROK&nbsp;NAROZEN\u00cd<\/strong><\/td><\/tr><tr><td><a href=\"https:\/\/www.cvf.cz\/souteze\/historie\/?hrac=sLAHuYG4XtCLEVr7JKkVGC2MgpD3QM30\">Burkovi\u010dov\u00e1 Hana<\/a><\/td><td>1981<\/td><\/tr><tr><td><a href=\"https:\/\/www.cvf.cz\/souteze\/historie\/?hrac=873caab6014346a867c2e31ddf077a6a\">Gottwaldov\u00e1 Michaela<\/a><\/td><td>2002<\/td><\/tr><tr><td><a href=\"https:\/\/www.cvf.cz\/souteze\/historie\/?hrac=U8p2y0A-M24063CVm5BtTuiR5Z3O_4cQ\">Haraz\u00edmov\u00e1 Lenka<\/a><\/td><td>1985<\/td><\/tr><tr><td><a href=\"https:\/\/www.cvf.cz\/souteze\/historie\/?hrac=f33803ae08e4064a9666c61392932e85\">Janu\u0161kov\u00e1 Lucie<\/a><\/td><td>2000<\/td><\/tr><tr><td><a href=\"https:\/\/www.cvf.cz\/souteze\/historie\/?hrac=i-jISYV1woRt2MVuk8DCmt4VkgbG07qw\">Jany\u0161kov\u00e1 Veronika<\/a><\/td><td>2005<\/td><\/tr><tr><td><a href=\"https:\/\/www.cvf.cz\/souteze\/historie\/?hrac=eb3e4742bffa7d88c283b2547ec72ebe\">Kulh\u00e1nkov\u00e1 Lenka<\/a><\/td><td>1974<\/td><\/tr><tr><td><a href=\"https:\/\/www.cvf.cz\/souteze\/historie\/?hrac=6ae2ab8849716277d3711f5def8e46b0\">Miketov\u00e1 Michaela<\/a><\/td><td>1991<\/td><\/tr><tr><td><a href=\"https:\/\/www.cvf.cz\/souteze\/historie\/?hrac=ad05c256d59bee2e7f2a69ff7f735291\">P\u00e1sztorov\u00e1 Pavl\u00edna<\/a><\/td><td>1988<\/td><\/tr><tr><td><a href=\"https:\/\/www.cvf.cz\/souteze\/historie\/?hrac=3d66eb5604912d7b69b6ebbecac0058f\">Sojkov\u00e1 Kamila<\/a><\/td><td>2003<\/td><\/tr><tr><td><a href=\"https:\/\/www.cvf.cz\/souteze\/historie\/?hrac=49c10a418dd0fbb85ba93ce8ec6bd65a\">Trebichalsk\u00e1 Petra<\/a><\/td><td>1991<\/td><\/tr><tr><td><a href=\"https:\/\/www.cvf.cz\/souteze\/historie\/?hrac=NGO1Um0xAuX60dNHUyYWKHvPX0LSeXTO\">Uv\u00edrov\u00e1 Tereza<\/a><\/td><td>2004<\/td><\/tr><tr><td><a href=\"https:\/\/www.cvf.cz\/souteze\/historie\/?hrac=8d8c54e25edca27555835f74235f7bb7\">Vesel\u00e1 Anna<\/a><\/td><td>1998<\/td><\/tr><tr><td><a href=\"https:\/\/www.cvf.cz\/souteze\/historie\/?hrac=92a1563cc116be2fbd5962db4ab3f2e7\">\u010cech\u00e1\u010dkov\u00e1 Lucie<\/a><\/td><td>2005<\/td><\/tr><\/tbody><\/table><figcaption class=\"wp-element-caption\">Soupiska \u017deny &#8211; 2023\/24<\/figcaption><\/figure>\n\n\n\n<figure class=\"wp-block-image size-large\"><img loading=\"lazy\" decoding=\"async\" width=\"1024\" height=\"1024\" src=\"https:\/\/volejbalhlucin.cz\/wp-content\/uploads\/2024\/08\/muzizeny-1024x1024.jpg\" alt=\"\" class=\"wp-image-373\" srcset=\"https:\/\/volejbalhlucin.cz\/wp-content\/uploads\/2024\/08\/muzizeny-1024x1024.jpg 1024w, https:\/\/volejbalhlucin.cz\/wp-content\/uploads\/2024\/08\/muzizeny-300x300.jpg 300w, https:\/\/volejbalhlucin.cz\/wp-content\/uploads\/2024\/08\/muzizeny-150x150.jpg 150w, https:\/\/volejbalhlucin.cz\/wp-content\/uploads\/2024\/08\/muzizeny-768x768.jpg 768w, https:\/\/volejbalhlucin.cz\/wp-content\/uploads\/2024\/08\/muzizeny-1536x1536.jpg 1536w, https:\/\/volejbalhlucin.cz\/wp-content\/uploads\/2024\/08\/muzizeny.jpg 1734w\" sizes=\"auto, (max-width: 1024px) 100vw, 1024px\" \/><\/figure>\n","protected":false},"excerpt":{"rendered":"<p>Mu\u017ei P\u0158\u00cdJMEN\u00cd A JM\u00c9NO ROK&nbsp;NAROZEN\u00cd Baturn\u00fd Hynek 2002 B\u00e1lek Mat\u011bj 1994 Cig\u00e1n Jan 2002 Dihel V\u00e1clav 1990 Do\u010dekal Franti\u0161ek 2003 D\u011bdoch Luk\u00e1\u0161 1981 Groh Martin 1998 Kar\u010dm\u00e1\u0159 David 1981 Machura Miroslav 1994 Ost\u00e1rek \u0160t\u011bp\u00e1n 1997 Piskalla Daniel 2004 Porwol Franti\u0161ek 2004 Skot\u00e1k Martin 1978 Vl\u010dek Radim 2005 Zelina Milan 1964 Soupiska Mu\u017ei &#8211; 2023\/24 \u017deny [&hellip;]<\/p>\n","protected":false},"author":1,"featured_media":112,"parent":0,"menu_order":0,"comment_status":"closed","ping_status":"closed","template":"","meta":{"footnotes":""},"class_list":["post-61","page","type-page","status-publish","has-post-thumbnail","hentry"],"_links":{"self":[{"href":"https:\/\/volejbalhlucin.cz\/index.php?rest_route=\/wp\/v2\/pages\/61","targetHints":{"allow":["GET"]}}],"collection":[{"href":"https:\/\/volejbalhlucin.cz\/index.php?rest_route=\/wp\/v2\/pages"}],"about":[{"href":"https:\/\/volejbalhlucin.cz\/index.php?rest_route=\/wp\/v2\/types\/page"}],"author":[{"embeddable":true,"href":"https:\/\/volejbalhlucin.cz\/index.php?rest_route=\/wp\/v2\/users\/1"}],"replies":[{"embeddable":true,"href":"https:\/\/volejbalhlucin.cz\/index.php?rest_route=%2Fwp%2Fv2%2Fcomments&post=61"}],"version-history":[{"count":6,"href":"https:\/\/volejbalhlucin.cz\/index.php?rest_route=\/wp\/v2\/pages\/61\/revisions"}],"predecessor-version":[{"id":374,"href":"https:\/\/volejbalhlucin.cz\/index.php?rest_route=\/wp\/v2\/pages\/61\/revisions\/374"}],"wp:featuredmedia":[{"embeddable":true,"href":"https:\/\/volejbalhlucin.cz\/index.php?rest_route=\/wp\/v2\/media\/112"}],"wp:attachment":[{"href":"https:\/\/volejbalhlucin.cz\/index.php?rest_route=%2Fwp%2Fv2%2Fmedia&parent=61"}],"curies":[{"name":"wp","href":"https:\/\/api.w.org\/{rel}","templated":true}]}}